).
-1
Let d(q) = 2*q**3 - 4*q**2 + 2*q. Give d(2).
4
Let q(z) = -z**2 - 8*z - 17. Determine q(-3).
-2
Let w(j) = -j**2 - 7*j - 12. Give w(-8).
-20
Let p(d) = -d**3 + 2*d**2 - 14. Determine p(0).
-14
Let k(j) = j**3 - 10*j**2 - 12*j - 2. What is k(11)?
-13
Let r(k) = k**3 + 29*k**2 + 26*k - 61. Calculate r(-28).
-5
Let f(d) = d**3 + 11*d**2 - 63*d - 42. Determine f(-15).
3
Let b(d) = -13*d - 228. Calculate b(-17).
-7
Let b(l) = -l**3 - 8*l**2 - 6*l - 11. Calculate b(-8).
37
Let y(m) = -2*m**2 + 9*m + 14. Calculate y(6).
-4
Let f(q) = q**3 + 5*q**2 - 7*q + 5. What is f(-7)?
-44
Let z(y) = 3*y**2 + 22*y - 7. Calculate z(-7).
-14
Let c(h) = 7*h - 2. Determine c(11).
75
Let h(g) = -4*g + 26. Calculate h(14).
-30
Let q(n) = n**3 + 9*n**2 + 8. Give q(-9).
8
Let c(a) = -6*a + 45. Calculate c(6).
9
Let k(o) = o**2 + 5*o - 12. Calculate k(-7).
2
Let h(p) = -10*p - 135. What is h(-16)?
25
Let w(f) = f**3 + 7*f**2 - 2*f - 2. Give w(3).
82
Let b(l) = -l**2 + 5*l - 4. Determine b(6).
-10
Let n(p) = p - 11. Calculate n(7).
-4
Let g(i) = i**2 - 51*i + 640. Give g(21).
10
Let p(t) = t**2 + 19*t - 5. Determine p(-19).
-5
Let n(p) = p**2 + 13*p - 7. Determine n(-13).
-7
Let w(f) = -f**2 + 14*f - 8. What is w(12)?
16
Let b(h) = h**3 + 19*h**2 + 21*h + 36. Calculate b(-18).
-18
Let o(j) = -2*j - 5. Calculate o(-6).
7
Let m(d) = d**3 + 9*d**2 + 9*d + 18. Give m(-8).
10
Let t(l) = -l - 1. Give t(-18).
17
Let f(z) = z + 4. What is f(6)?
10
Let f(t) = -5*t**2 - 50*t + 6. Calculate f(-9).
51
Let i(f) = f**2 - 12*f - 32. What is i(9)?
-59
Let d(c) = c**2 + 8*c - 8. Give d(-8).
-8
Let j(r) = -r**2 - 2*r + 13. Give j(-5).
-2
Let h(v) = v**3 + 6*v**2 + 6*v + 5. Determine h(-4).
13
Let y(d) = -44*d**2 - 1. What is y(1)?
-45
Let m(s) = 3*s + 36. What is m(-12)?
0
Let h(i) = -22*i + 11. Determine h(1).
-11
Let o(c) = c + 87. What is o(0)?
87
Let w(u) = -u + 10. Calculate w(0).
10
Let q(j) = j**2 + 10*j - 4. Calculate q(-8).
-20
Let y(z) = 7*z - 22. Calculate y(2).
-8
Let c(v) = 15*v**2 - 1. What is c(-1)?
14
Let t(d) = 12*d + 35. Give t(-5).
-25
Let u(d) = d**3 - 28*d**2 + 2*d + 19. Determine u(28).
75
Let p(t) = t**3 - 32*t**2 + 59*t + 45. What is p(30)?
15
Let w(l) = 2*l**2 + 2*l - 1. Determine w(2).
11
Let c(g) = g**2 - 4*g + 8. Give c(3).
5
Let y(g) = g**3 - 20*g**2 - g + 10. What is y(20)?
-10
Let p(c) = c**3 - 15*c**2 - 11*c + 7. Determine p(16).
87
Let y(z) = z**2 + 14*z + 8. Give y(-9).
-37
Let t(v) = v**3 - 8*v**2 - 32*v - 22. What is t(11)?
-11
Let a(w) = 2*w + 8. Determine a(7).
22
Let t(g) = 2*g**2 - 9*g - 6. What is t(5)?
-1
Let n(h) = -h**3 + 7*h**2 - 3*h + 4. Give n(7).
-17
Let g(n) = -2*n**3 - 2*n**2 + 12*n - 19. What is g(2)?
-19
Let l(q) = -4*q + 42. Determine l(13).
-10
Let f(a) = -a**3 + 9*a**2 + 10*a + 11. Determine f(10).
11
Let d(y) = -7*y**2 - 60*y + 11. Give d(-8).
43
Let q(w) = 6*w - 74. What is q(6)?
-38
Let c(p) = -p**3 + 7*p**2 + 2*p - 10. Calculate c(9).
-154
Let b(s) = s**2 + 3*s + 12. Calculate b(-6).
30
Let b(d) = d**3 - 8*d**2 + 3*d + 5. Calculate b(8).
29
Let t(n) = n**2 + 4*n - 28. Calculate t(-8).
4
Let i(x) = x**3 + 3*x - 18. What is i(0)?
-18
Let a(w) = -18*w + 33. Determine a(6).
-75
Let h(o) = 6*o + 12. What is h(-3)?
-6
Let w(s) = 2*s + 23. Calculate w(-9).
5
Let p(x) = x**3 + 4*x**2 + 3*x. Calculate p(-3).
0
Let d(o) = 2*o**2 - 39*o - 212. Determine d(24).
4
Let k(b) = -b**3 - 26*b**2 + 31*b + 90. Calculate k(-27).
-18
Let z(x) = -2*x + 12. Give z(2).
8
Let g(d) = 12*d - 4. Determine g(-3).
-40
Let k(f) = -f**3 + 11*f**2 + 11*f - 2. Determine k(12).
-14
Let s(j) = j**2 + 9*j + 23. Determine s(-6).
5
Let j(q) = 10*q - 147. What is j(15)?
3
Let s(r) = -r**2 + 3*r + 19. Calculate s(9).
-35
Let s(l) = l**2 - 7*l - 11. Calculate s(9).
7
Let n(i) = 22*i - 12. Determine n(-2).
-56
Let q(a) = a**2 + a. Give q(-3).
6
Let f(a) = -7*a**3 + 2*a**2 + 2*a + 1. What is f(-1)?
8
Let a(j) = -3*j**2 - 90*j - 75. What is a(-29)?
12
Let g(b) = -b**3 - b**2 + b - 4. What is g(-3)?
11
Let a(o) = o - 35. Calculate a(29).
-6
Let w(p) = p**3 - 5*p**2 - p + 10. Give w(5).
5
Let v(s) = s**2 + 2*s + 8. Determine v(0).
8
Let o(n) = -n**3 - 16*n**2 - 29*n - 15. Give o(-14).
-1
Let n(y) = y**3 + 12*y**2 - 2*y - 40. What is n(-12)?
-16
Let j(d) = d**2 - 5*d + 2. Determine j(3).
-4
Let m(g) = g - 24. What is m(11)?
-13
Let k(n) = 2*n - 35. What is k(12)?
-11
Let h(s) = 14*s + 6. What is h(-1)?
-8
Let j(i) = -7*i - 134. What is j(-19)?
-1
Let f(c) = -2*c + 35. Determine f(15).
5
Let k(h) = -h**2 - 8*h - 2. Give k(-5).
13
Let m(d) = 2*d - 1. What is m(20)?
39
Let y(n) = n**2 - 10*n - 4. Determine y(11).
7
Let q(n) = -2*n**2 - 89*n - 321. Calculate q(-4).
3
Let w(i) = 4*i**2 - 16*i + 4. Give w(3).
-8
Let q(s) = s**3 - 4*s**2 - 8*s - 32. What is q(6)?
-8
Let d(b) = 11*b - 81. What is d(7)?
-4
Let i(n) = 2*n**3 + 11*n**2 + 9*n + 24. What is i(-5)?
4
Let a(m) = m**2 + 4*m. What is a(-5)?
5
Let a(t) = t**3 - 5*t**2 + 4*t + 5. Give a(4).
5
Let w(k) = -2*k + 7. Give w(16).
-25
Let s(q) = -q**2 - 8*q - 16. Give s(-7).
-9
Let t(q) = -17*q**2 - q. Calculate t(-2).
-66
Let r(f) = -19*f + 22. What is r(1)?
3
Let m(k) = -7*k**2 + 5*k + 3. What is m(-1)?
-9
Let n(h) = 2*h**2 - 16*h + 20. What is n(8)?
20
Let n(h) = h**2 - 2*h + 10. What is n(7)?
45
Let s(c) = 2*c - 64. What is s(26)?
-12
Let p(a) = a**3 + a**2 - 2*a - 7. Determine p(0).
-7
Let l(n) = 2*n - 11. What is l(5)?
-1
Let w(a) = 3*a**2 - 4*a + 8. Calculate w(7).
127
Let g(z) = -2*z**3 - 12*z**2 - 4*z - 21. Determine g(-6).
3
Let p(y) = -16*y - 50. Calculate p(-3).
-2
Let n(f) = f**3 + 7*f**2 + 5*f - 3. Give n(-7).
-38
Let l(q) = q**2 + 12*q + 30. Give l(-3).
3
Let s(j) = -2*j**2 - 6*j - 7. What is s(-2)?
-3
Let v(r) = r**2 + 8*r - 5. Determine v(-8).
-5
Let q(m) = -m**2 + 18*m - 84. What is q(13)?
-19
Let z(i) = -13*i - 21. Determine z(-2).
5
Let b(g) = 8*g + 10. Give b(-7).
-46
Let u(x) = x**3 - 11*x**2 + x + 7. What is u(11)?
18
Let k(g) = 2*g**2 + 4*g + 4. Give k(-4).
20
Let l(i) = -34*i - 2. Give l(1).
-36
Let l(a) = -a**3 + 3*a**2 + 6*a - 6. Determine l(4).
2
Let q(a) = -5*a + 16. Give q(4).
-4
Let t(a) = -a**3 + 5*a**2 + 8*a - 1. Calculate t(6).
11
Let r(f) = -f**3 - 6*f**2 + 12*f + 4. Give r(-8).
36
Let c(u) = u**3 - 8*u**2 + 14*u - 9. What is c(6)?
3
Let t(h) = -4*h + 57. What is t(16)?
-7
Let j(a) = a**2 + 14*a + 16. Give j(-10).
-24
Let r(p) = 2*p**2 - 8*p - 10. Give r(7).
32
Let q(j) = -j**3 + 8*j**2 - 10*j + 9. What is q(7)?
-12
Let g(t) = 49*t**2 - t. Give g(1).
48
Let i(c) = -c**2 - 8*c - 6. What is i(-6)?
6
Let m(q) = q**3 - 22*q**2 + 20*q + 14. Determine m(21).
-7
Let a(i) = 5*i + 2. What is a(2)?
12
Let b(r) = r**3 + 5*r**2 - 6*r - 29. Calculate b(-5).
1
Let q(z) = z**3 + 9*z**2 - z - 22. Calculate q(-9).
-13
Let z(r) = r**2 + 2. Calculate z(-1).
3
Let j(h) = -3*h**3 - 2*h + 4. What is j(2)?
-24
Let o(v) = v + 16. Calculate o(8).
24
Let r(u) = -u**3 + 11*u**2 + 10*u + 36. Calculate r(12).
12
Let g(j) = -j**2 + 4*j + 34. What is g(9)?
-11
Let k(b) = b**2 + 14*b + 8. What is k(-9)?
-37
Let u(h) = 2*h - 16. Calculate u(8).
0
Let n(h) = h**2 - 4*h + 2. What is n(6)?
14
Let k(w) = 3*w + 33. Calculate k(-18).
-21
Let v(b) = b**2 + 4*b + 40. Calculate v(-9).
85
Let x(o) = 4*o + 7. Calculate x(-1).
3
Let l(i) = i**3 - 22*i**2 + 21*i + 6. Determine l(21).
6
Let k(y) = y**3 + 9*y**2 + 8*y - 9. Calculate k(-7).
33
Let w(n) = -n**3 + 9*n**2 - 10*n + 6. Give w(8).
-10
Let r(a) = -9*a + 151. What is r(15)?
16
Let m(d) = -9*d + 129. Determine m(26).
-105
Let h(t) = t**2 + t + 14. What is h(0)?
14
Let s(r) = 5*r + 26. Give s(-8).
-14
Let w(p) = p**2 - 3*p - 15. Give w(-6).
39
Let h(b) = b**3 - 29*b**2 - 31*b + 44. Calculate h(30).
14
Let r(u) = -u**2 + u + 9. Determine r(-5).
-21
Let p(u) = 10*u + 61. Calculate p(-7).
-9
Let j(y) = -y**3 - 21*y**2 - 43*y - 91. Determine j(-19).
4
Let n(c) = c**3 + 14*c**2 + 23*c - 9. Determine n(-12).
3
Let c(d) = d**2 + 3*d + 6. Determine c(-3).
6
Let p(f) = -f**2 + 13*f - 11. Give p(13).
-11
Let x(a) = 2*a + 27. Calculate x(-4).
19
Let g(x) = x**2 - 11*x + 3. What is g(12)?
15
Let z(t) = 11*t - 9. Calculate z(4).
35
Let d(z) = -z**2 + 7*z - 2. Determine d(5).
8
Let u(d) = -11*d**2 - 2*d + 2. Calculate u(1).
-11
Let y(z) = z**2 + 8*z + 2. Calculate y(-12).
50
Let x(t) = -8*t**2 + 27